 multiple of 69?
True
Is 60 a factor of 311700?
True
Is 23625 a multiple of 36?
False
Is 162690 a multiple of 110?
True
Does 45 divide 794115?
True
Is 5 a factor of 376745?
True
Is 117222 a multiple of 14?
True
Does 8 divide 29291?
False
Is 173 a factor of 138538?
False
Does 179 divide 87778?
False
Is 90 a factor of 541420?
False
Is 32034 a multiple of 57?
True
Does 14 divide 121282?
True
Is 180222 a multiple of 362?
False
Is 1438076 a multiple of 36?
False
Is 27 a factor of 184269?
False
Does 78 divide 1887990?
True
Is 182 a factor of 1436033?
False
Is 72 a factor of 153936?
True
Is 33 a factor of 190103?
False
Is 9456 a multiple of 24?
True
Does 691 divide 2115842?
True
Does 5 divide 266629?
False
Does 61 divide 16872993?
False
Is 17 a factor of 44244?
False
Is 89019 a multiple of 41?
False
Is 39 a factor of 421467?
False
Is 459928 a multiple of 14?
True
Is 33 a factor of 750618?
True
Is 31068 a multiple of 52?
False
Is 530296 a multiple of 26?
True
Does 7 divide 273189?
True
Is 8 a factor of 61076?
False
Is 422 a factor of 6898012?
True
Does 36 divide 259776?
True
Does 6 divide 78084?
True
Is 48 a factor of 12148224?
True
Is 124 a factor of 3661596?
True
Does 404 divide 294112?
True
Is 78 a factor of 308334?
True
Is 202 a factor of 369546?
False
Is 1201871 a multiple of 14?
False
Is 514584 a multiple of 4?
True
Is 1634991 a multiple of 16?
False
Is 4234064 a multiple of 16?
True
Is 611854 a multiple of 25?
False
Is 8 a factor of 1891?
False
Does 34 divide 671366?
False
Is 15 a factor of 2126216?
False
Is 140670 a multiple of 18?
True
Is 15 a factor of 61605?
True
Does 688 divide 88704?
False
Does 69 divide 123993?
True
Is 238 a factor of 459816?
True
Does 17 divide 4224840?
True
Does 116 divide 52548?
True
Is 31059 a multiple of 29?
True
Is 118 a factor of 1593199?
False
Is 524 a factor of 13889668?
True
Does 16 divide 8729510?
False
Is 492 a factor of 725208?
True
Is 558959 a multiple of 6?
False
Does 19 divide 1140418?
True
Is 6355236 a multiple of 202?
False
Is 198 a factor of 81576?
True
Is 522592 a multiple of 19?
False
Is 3815749 a multiple of 265?
False
Is 98 a factor of 5606?
False
Is 102644 a multiple of 268?
True
Is 110538 a multiple of 138?
True
Is 42217 a multiple of 3?
False
Does 145 divide 81907?
False
Is 416032 a multiple of 212?
False
Is 82 a factor of 177940?
True
Does 118 divide 346684?
True
Is 121184 a multiple of 28?
True
Does 29 divide 419532?
False
Is 573 a factor of 213354?
False
Is 201000 a multiple of 201?
True
Is 190464 a multiple of 48?
True
Is 48020 a multiple of 2?
True
Does 14 divide 1432666?
False
Is 221 a factor of 2729792?
True
Does 44 divide 4187111?
False
Is 196533 a multiple of 29?
True
Is 66 a factor of 166056?
True
Is 1239168 a multiple of 384?
True
Is 25 a factor of 15950?
True
Does 176 divide 2774723?
False
Does 159 divide 7712931?
True
Does 13 divide 911450?
False
Is 9874920 a multiple of 60?
True
Does 5 divide 21600?
True
Is 46 a factor of 168605?
False
Is 2 a factor of 647871?
False
Does 117 divide 223249?
False
Is 97 a factor of 93972?
False
Is 3121453 a multiple of 1482?
False
Does 37 divide 6309096?
False
Is 5 a factor of 154660?
True
Is 316 a factor of 201436?
False
Is 234624 a multiple of 48?
True
Does 4 divide 280?
True
Is 733121 a multiple of 25?
False
Is 5 a factor of 254409?
False
Is 121 a factor of 259303?
True
Does 13 divide 9021623?
True
Is 121 a factor of 5684217?
True
Does 88 divide 201171?
False
Is 23494 a multiple of 2?
True
Is 442320 a multiple of 8?
True
Is 433926 a multiple of 103?
False
Is 642 a factor of 21943297?
False
Does 64 divide 286922?
False
Is 48320 a multiple of 11?
False
Does 14 divide 1426483?
False
Is 3 a factor of 38109?
True
Is 31 a factor of 83322?
False
Is 45 a factor of 127654?
False
Is 21598143 a multiple of 599?
True
Is 303 a factor of 3296169?
False
Does 1149 divide 1453485?
True
Does 3 divide 50873?
False
Is 200016 a multiple of 432?
True
Is 19692 a multiple of 246?
False
Does 385 divide 1678215?
True
Is 200 a factor of 1278794?
False
Is 1804 a multiple of 12?
False
Is 31 a factor of 22967?
False
Is 62 a factor of 2810646?
True
Does 124 divide 4115684?
True
Is 22 a factor of 3056130?
True
Is 542 a factor of 1504050?
True
Is 298 a factor of 13591780?
True
Is 280 a factor of 10701320?
True
Does 58 divide 94964?
False
Does 6 divide 1091460?
True
Is 4 a factor of 22652?
True
Is 31 a factor of 256461?
False
Does 9 divide 3687?
False
Is 29 a factor of 31871?
True
Is 492785 a multiple of 335?
True
Is 16386144 a multiple of 2317?
False
Does 820 divide 1159840?
False
Is 16 a factor of 167328?
True
Is 257936 a multiple of 14?
True
Is 17 a factor of 775824?
False
Is 51863 a multiple of 14?
False
Is 18 a factor of 605214?
True
Is 800584 even?
True
Is 18914 a multiple of 3?
False
Is 115385 a multiple of 3?
False
Does 309 divide 551554?
False
Is 2 a factor of 126959?
False
Is 319898 a multiple of 59?
True
Is 13 a factor of 481247?
True
Does 5 divide 26160?
True
Is 73 a factor of 1143119?
False
Is 215538 a multiple of 39?
False
Does 41 divide 89667?
True
Is 17 a factor of 760648?
True
Is 212764 a multiple of 97?
False
Does 13 divide 309431?
False
Is 713616 a multiple of 2?
True
Is 595 a factor of 1410366?
False
Is 88 a factor of 20577257?
False
Is 32264 a multiple of 15?
False
Does 192 divide 8606078?
False
Is 1409768 a multiple of 49?
False
Does 23 divide 974050?
True
Is 155928 a multiple of 292?
True
Is 55 a factor of 2944535?
True
Is 2 a factor of 126631?
False
Does 730 divide 344681?
False
Does 563 divide 469483?
False
Does 7 divide 6177?
False
Is 115 a factor of 135657?
False
Is 13374812 a multiple of 449?
True
Is 137031 a multiple of 123?
False
Is 29 a factor of 2279099?
False
Does 423 divide 199656?
True
Is 74 a factor of 3348159?
False
Is 159 a factor of 10494?
True
Is 30 a factor of 935640?
True
Does 19 divide 15823?
False
Is 986004 a multiple of 183?
True
Is 23 a factor of 602007?
False
Does 45 divide 412920?
True
Is 231516 a multiple of 59?
True
Is 15 a factor of 400535?
False
Is 10177696 a multiple of 212?
True
Does 4 divide 81935?
False
Is 902 a factor of 1767018?
True
Is 673813 a multiple of 227?
False
Is 8964192 a multiple of 30?
False
Is 4 a factor of 149425?
False
Is 10 a factor of 302820?
True
Is 275 a factor of 21450?
True
Is 470960 a multiple of 35?
True
Is 7527247 a multiple of 7?
True
Is 6 a factor of 323823?
False
Is 12 a factor of 1108396?
False
Is 4 a factor of 880571?
False
Does 117 divide 1295775?
True
Is 4778550 a multiple of 14?
True
Does 119 divide 10137253?
True
Does 601 divide 3041251?
False
Is 84 a factor of 405918?
False
Is 1674318 a multiple of 20?
False
Is 11409 a multiple of 3?
True
Is 10 a factor of 5195140?
True
Is 493530 a multiple of 42?
False
Is 1388679 a multiple of 51?
True
Does 526 divide 3319060?
True
Is 316 a factor of 494468?
False
Does 256 divide 43432?
False
Does 177 divide 48628?
False
Does 46 divide 3480233?
False
Is 49 a factor of 207613?
True
Does 66 divide 4068900?
True
Does 190 divide 987411?
False
Does 41 divide 152397?
True
Is 107862 a multiple of 6?
True
Is 3630 a multiple of 15?
True
Is 110640 a multiple of 30?
True
Does 167 divide 321308?
True
Does 21 divide 406434?
True
Is 30 a factor of 166255?
False
Is 3 a factor of 263138?
False
Is 608328 a multiple of 14?
True
Does 10 divide 3600?
True
Is 131009 a multiple of 131?
False
Is 3453124 a multiple of 42?
False
Is 2657272 a multiple of 142?
False
Is 2184082 a multiple of 29?
False
Does 998 divide 6946327?
False
Does 14 divide 79182?
False
Is 11 a factor of 184975?
False
Is 3 a factor of 4543?
False
Does 25 divide 3917928?
False
Does 199 divide 129748?
True
Is 668036 a multiple of 2?
True
Is 436848 a multiple of 38?
True
Does 63 divide 277157?
False
Does 23 divide 2479?
False
Is 519 a factor of 671813?
False
Does 50 divide 180030?
False
Is 40 a factor of 55464?
False
Is 309298 a multiple of 5?
False
Does 3 divide 1170369?
True
Is 27 a factor of 21787?
False
Is 131 a factor of 4287744?
False
Is 156 a factor of 529879?
False
Does 180 divide 1321740?
True
Does 31 divide 99665?
True
Is 1174682 a multiple of 67?
False
Is 36 a factor of 4408962?
False
Is 875537 a multiple of 1115?
False
Does 5 divide 22450?
True
Is 30 a factor of 5685390?
True
Is 325 a factor of 823